e prime factors of s?
2, 3
Let t = 3 - -6. What are the prime factors of t?
3
Suppose -3*s + h - 13 = 0, 4*s + 21 = 2*h + 3*h. Let u = 0 + 9. Let m = u + s. List the prime factors of m.
5
Suppose 4*k + 6*f - f - 924 = 0, 924 = 4*k + 2*f. List the prime factors of k.
3, 7, 11
Let d = 21 + -17. Suppose 2*v = 2*j + 64, -d*v - j + 3*j + 122 = 0. What are the prime factors of v?
29
What are the prime factors of (-2 + -3)*(-188)/20?
47
Let b = -5 + 3. What are the prime factors of (-40)/(-4)*(-1)/b?
5
Let j(v) = -v - 4. Let g be j(0). Let z = 6 - g. List the prime factors of z.
2, 5
Let o = 42 - 19. Suppose -3*j = 2*n - 24, -4*j = 7 - o. What are the prime factors of n?
2, 3
Let z(j) = -j**3 + 6*j**2 + 4*j - 3. Suppose -4*d - 6*t + 21 = -3*t, -2*d = -5*t + 9. Suppose d*f = -0*f + 18. What are the prime factors of z(f)?
3, 7
Suppose y + 2*f = 187, 0 = 5*y - y - f - 712. What are the prime factors of y?
179
What are the prime factors of (-60)/(-8)*(-8)/(-6)?
2, 5
Suppose 0*l - 185 = -5*l. List the prime factors of l.
37
Let a = 42 - 82. Let h = a + 58. What are the prime factors of (h/15)/(3/20)?
2
Let k be 2/2 + 3 + -14. List the prime factors of (k/30)/((-1)/21).
7
Suppose -4*l = -65 - 23. What are the prime factors of l?
2, 11
Let z be 1 + -1*2 - -5. Let y = 27 - -5. Suppose -3*d + y = -z. What are the prime factors of d?
2, 3
Let b be (-40)/22 - (-4)/(-22). Let k = b + 9. What are the prime factors of k?
7
List the prime factors of 35/2*(-120)/(-50).
2, 3, 7
Let l = 1 - -4. Let o(k) = 5*k**2 + 7*k + 8*k**2 - 14*k**2. What are the prime factors of o(l)?
2, 5
Let u(x) = -5*x. What are the prime factors of u(-7)?
5, 7
What are the prime factors of 361/4 - (-1 - (-20)/16)?
2, 3, 5
Suppose -2*i = 4*o + 2, -o + 2*i - 5*i = 8. What are the prime factors of 9 - -2*(o - 0)?
11
Let k be ((-38)/(-4))/((-1)/(-8)). Suppose 0 = -3*w - 19 + k. Let j = 31 - w. List the prime factors of j.
2, 3
What are the prime factors of ((-42)/18)/(1/(-15))?
5, 7
Let v be -22 + -2*9/6. Let m = 2 - v. List the prime factors of m.
3
Let a(d) = -4*d - 4. Let x be a(-4). Let z = x + -1. What are the prime factors of z?
11
Suppose 6 = -4*p + 5*p. Suppose -p*o + 11*o = 80. List the prime factors of o.
2
Let p(z) = z**2 + 6*z - 9. Let h be p(-7). List the prime factors of 0*h/(-6) + 21.
3, 7
Let k(i) be the second derivative of -1/2*i**3 + 0 - 2*i - 5/2*i**2. What are the prime factors of k(-5)?
2, 5
Let f = -6 + -2. List the prime factors of 66/4 - (-4)/f.
2
Suppose 2*m - 17 = 61. What are the prime factors of m?
3, 13
Let v = -143 - -216. List the prime factors of v.
73
Let l = 18 + -9. Let p = -5 + l. What are the prime factors of p?
2
Suppose 0 = -3*o - 3*t + 12, 3*t + 20 = 2*o + 3*o. Let n(i) = 2*i - 4. Let r be n(o). Suppose 2*u - r*u = -18. What are the prime factors of u?
3
Suppose 4*j - 125 = -1. Suppose 3*y - 11 = j. Suppose 5*w = -2*f + 33, 2*f - 5 = -3*w + y. What are the prime factors of w?
7
Let o = -4 + 14. Suppose 2 = 2*n - o. List the prime factors of 165/(-5)*(-2)/n.
11
Let l(d) = d + 8. Let o be l(-6). Suppose -o*y = 2*u - 44, -3*y + 4*u + 74 - 8 = 0. Let f = -11 + y. List the prime factors of f.
11
Let t(x) = 2*x. Let c be 159/15 - 4/(-10). Let k = c + -8. What are the prime factors of t(k)?
2, 3
Suppose -z + 9 = 18. What are the prime factors of -4*(-4)/((-12)/z)?
2, 3
Let o = -35 + 10. Let g = 40 + o. What are the prime factors of g?
3, 5
Let b = -6 + 10. Suppose -j + 2 = -4*u - 0, 20 = -b*j + 2*u. Let h(x) = x**3 + 5*x**2 - 7*x. What are the prime factors of h(j)?
2, 3
Let f(r) = r**3 - 2*r**2 + r - 1. Let m be f(2). List the prime factors of -38*m/(-2) - 2.
17
Let u be ((-5)/(-2))/(3/(-6)). Let w be 7*(u + -1 + 3). Let r = w - -36. What are the prime factors of r?
3, 5
Let n(w) = -w**3 - 4*w**2 - 2*w + 4. Let d be n(-3). Let c = -1 + d. Suppose 3*i - 21 = -c*i. What are the prime factors of i?
7
Let g(a) = a + 5. Let n be g(-9). Let i = n + 9. List the prime factors of i.
5
Let u(j) = j**3 - 3*j**2 - 2*j - 4. List the prime factors of u(4).
2
Suppose t + 0*t - 4 = 5*y, 0 = -3*t + 4*y + 1. List the prime factors of t - -2*(17 - 0).
3, 11
Let b be 2 + 4/2 + 3. Let v(s) = s + b*s**2 + 1 + 2*s + 0*s**2. What are the prime factors of v(-2)?
23
Suppose 0 = -q - q + 16. Suppose -2*d + q = -0*d. List the prime factors of d.
2
Suppose -5*h = -10*h + 75. What are the prime factors of h?
3, 5
Let d be (-2)/2*1*-27. What are the prime factors of (-2*d)/(9/(-6))?
2, 3
Let y(p) = p**3 - 2*p**2 - p - 1. Let h(l) = l**2 + 2*l. Let q(z) = -4*z + 1. Let k be q(1). Let t be h(k). List the prime factors of y(t).
5
Let i be 46/6*(-14 - -17). Let u be 1/(-2*(-1)/10). Suppose i = -u*p + 68. What are the prime factors of p?
3
Let j(a) = 10*a**2 - 46*a + 3. List the prime factors of j(8).
5, 11
Suppose -40 = -5*w + 145. List the prime factors of w.
37
Let s = -16 + 6. Let y = s + 24. List the prime factors of y.
2, 7
Let j(g) = -g**2 + 6*g - 2. Let w be j(5). Let t(n) = -8 + 3*n + 0 - w. List the prime factors of t(8).
13
Let q(h) = h**3 - 8*h**2 - 3*h. Let t be q(7). Let k = -50 - t. Suppose -k = -z - z. List the prime factors of z.
2, 5
Suppose -1 = d + 3. List the prime factors of (-14)/((2 - d)/(-3)).
7
Let l(c) = -c**3 + 6*c**2 + 6*c + 26. Let n(y) = y**2 + y + 1. Let s(f) = -l(f) + 5*n(f). Let o be s(0). Let x = -15 - o. List the prime factors of x.
2, 3
Let t = -17 + 35. What are the prime factors of (-1 - (t - 3))*-1?
2
Suppose 3*s = 9, -5*j + 5 = s + 62. Let u = 25 + j. What are the prime factors of u?
13
Suppose -3*c + 3*n + 144 = 0, 0 = 2*n - 4*n - 6. Suppose 5*a - c = 40. List the prime factors of a.
17
Suppose -1076 = -4*k - 2*n, -2*k + 6*n - 2*n = -528. What are the prime factors of k?
2, 67
Let m(n) = -n**2 - 8*n - 7. Let o(a) be the second derivative of a**3/6 + a. Let x be o(-6). What are the prime factors of m(x)?
5
Let r(k) = -k**3 + 5*k**2 + 4*k + 4. List the prime factors of r(5).
2, 3
Let g(w) = w**3 + 4*w**2 + 2*w + 3. Let r be g(-2). Let o = r + -2. List the prime factors of o.
5
Let j = -14 + 29. Let h = j - 9. Suppose -2*v = -0*v + w - h, -3*w = 4*v - 10. List the prime factors of v.
2
Let m(y) = -y - 8. Suppose r = -f - f, 2*f - 10 = 4*r. Let k(n) = -1. Let q(t) = f*m(t) - 3*k(t). What are the prime factors of q(-10)?
5
Let t(s) = -s + 1. Let z be t(-1). Suppose v - 24 = -z*v. List the prime factors of v.
2
Let s be -3 + 1 + 7 + 0. What are the prime factors of (3 - s)/((-2)/10)?
2, 5
Suppose -4*k + 2*b = k, 2*k = 5*b + 21. Let x be 1 + k/4*2. Suppose 5*f = 60 - x. What are the prime factors of f?
2, 3
Let y = 94 + -65. What are the prime factors of y?
29
Let a(l) = -l**2 + 13*l + 7. List the prime factors of a(9).
43
Let o be ((-16)/20)/(4/(-10)). Let p = 6 - o. Suppose 5*k + 6 = -2*c, 4*c + p = -3*k + 20. List the prime factors of c.
7
Suppose 0 = -4*a - 0 + 8. List the prime factors of (-4)/(-4)*(1 + a).
3
Suppose 6*k - 40 = 2*k + 5*b, 0 = -3*b - 12. List the prime factors of 131/k + (-12)/60.
2, 13
Suppose 0 = -4*f + 3*f - 2. Let u = 2 + f. What are the prime factors of 2*(u - -1)*7?
2, 7
What are the prime factors of ((-12)/24)/((-2)/1192)?
2, 149
Let g(p) = -p**2 + 1. Let r be g(1). Let l be 29 - (-1 - (-1 - r)). Suppose -1 = -5*t + l. List the prime factors of t.
2, 3
Let z be 1 - 2 - -1*1. Suppose -209 = -3*j - 4*a, -3*j = -z*j - 5*a - 164. Suppose 4*x - j = -23. What are the prime factors of x?
2, 5
Let y(n) = -n**3 + 13*n**2 - 9*n - 17. List the prime factors of y(12).
19
Let c be (-3)/((-3)/(1 - -2)). Suppose 7 - 1 = c*h. Let q = h - -4. What are the prime factors of q?
2, 3
Let u(r) = 4*r**3 - r**2 - r + 1. Let a(o) = -o + 6. Let b be a(5). Let m be u(b). Suppose -c - 10 = -5*t, c = t + m*t - 7. What are the prime factors of t?
3
Suppose o = -4*o + 205. Let m = o - 22. List the prime factors of m.
19
Suppose 5*u = 18 - 3. Suppose 3*b + u = 3*w, -4*b + 1 + 0 = -3*w. What are the prime factors of w?
5
Let i(r) = 3*r. Let z(q) = q + 9. Let x be z(-4). List the prime factors of i(x).
3, 5
Let n(f) = f**2 + 11*f - 1. Let i(j) = j**3 + 9*j**2 - 8*j + 8. Let p be i(-10). List the prime factors of n(p).
11
Let q(p) = p**3 - 4*p**2 + 4*p + 1. Let d = 3 - 0. Let u be q(d). Suppose -5*k + 2*g + 21 = 0, 3*k = g - u*g. List the prime factors of k.
3
Let 